{"id":127,"date":"2022-04-03T15:33:30","date_gmt":"2022-04-03T13:33:30","guid":{"rendered":"http:\/\/arnaud-sylla.com\/?page_id=127"},"modified":"2025-02-20T12:58:34","modified_gmt":"2025-02-20T11:58:34","slug":"parcours-engagements","status":"publish","type":"page","link":"https:\/\/arnaud-sylla.com\/?page_id=127","title":{"rendered":"Parcours &#038; engagements"},"content":{"rendered":"\n<p>Titulaire d&#8217;un master 2 en psychologique clinique et psychopathologie de l&#8217;universit\u00e9 de Tours ainsi que d&#8217;un dipl\u00f4me universitaire en techniques projectives, je suis sp\u00e9cialis\u00e9 dans l\u2019adolescence, le lien social et les probl\u00e9matiques num\u00e9riques.<\/p>\n\n\n\n<p>Mon parcours est teint\u00e9 d\u2019engagements aupr\u00e8s de la cause des <em>adolescences contemporaines<\/em>. Exer\u00e7ant \u00e9galement au&nbsp;<a rel=\"noreferrer noopener\" href=\"https:\/\/www.ch-chinon.fr\/centre-oreste-coordination-departementale-en-psychologie-clinique-de-l-adolescence-et-cattp.html\" target=\"_blank\">Centre Oreste<\/a>&nbsp;depuis 2010 (centre d\u00e9partemental de consultations ambulatoires en psychologie clinique de l\u2019adolescence, Centre Hospitalier du chinonais), j\u2019y re\u00e7ois des adolescents en marge de lien social. Dans le cadre d\u2019une \u00e9quipe pluridisciplinaire, je les accompagne avec des supports culturels contemporains, tels les jeux vid\u00e9o et les mangas, pour des suivis individuels et groupaux.<\/p>\n\n\n\n<div class=\"wp-block-group is-nowrap is-layout-flex wp-container-core-group-is-layout-ad2f72ca wp-block-group-is-layout-flex\">\n<p>Pr\u00e9sident de&nbsp;<a href=\"https:\/\/arnaud-sylla.com\/?page_id=107\">l\u2019association de recherche clinique H\u00e9b\u00e9<\/a> de 2017 \u00e0 2023, j&#8217;ai contribu\u00e9 \u00e0 l\u2019organisation d\u2019\u00e9v\u00e8nements scientifiques, de pr\u00e9vention et de formation autour de l\u2019adolescence.<\/p>\n\n\n\n<p><br><\/p>\n<\/div>\n\n\n\n<p><\/p>\n\n\n\n<p>Dans ce contexte associatif, j&#8217;ai soutenu le montage de dispositifs \u00e0 destination d\u2019un large publique, ce en lien avec des acteurs du lien social du territoire comme&nbsp;<a href=\"https:\/\/www.courteline.fr\/centre-socio-culturel-courteline\/\">l\u2019association Courteline<\/a> avec la mise en place de permanences hebdomadaires&nbsp;d&#8217;accueil, d&#8217;information et d&#8217;orientation. L\u2019association H\u00e9b\u00e9 offre \u00e9galement un soutien aux professionnels par l\u2019interm\u00e9diaire d\u2019Analyse des Pratiques Professionnelles. Il s\u2019agit d\u2019un axe important de mon activit\u00e9 me permettant \u00e0 la fois d\u2019accompagner des \u00e9quipes et d\u2019actualiser ma repr\u00e9sentation des situations sociales de notre territoire. De par la compl\u00e9mentarit\u00e9 de nos engagements, l\u2019association H\u00e9b\u00e9 dispose d\u2019un r\u00e9seau \u00e9tendu et \u00e9toff\u00e9 de nombreux partenaires institutionnels, associatifs et culturels.<\/p>\n\n\n\n<p>La question du lien social est donc un fil conducteur de mes actions, lesquelles se sont prolong\u00e9es dans un&nbsp;<a href=\"https:\/\/cvl.vyv3.fr\/samsah-37\" target=\"_blank\" rel=\"noreferrer noopener\">Service d\u2019Accompagnement M\u00e9dico-Social pour personnes Adultes en situation de Handicap psychique<\/a>&nbsp;(SAMSAH) de 2009 \u00e0 2024. Ce dispositif, soutenu par la Mutualit\u00e9 Fran\u00e7aise Centre Val de Loire, accompagne des personnes ayant des difficult\u00e9s en liens avec des pathologies psychiatriques stabilis\u00e9es, lesquelles pouvant avoir des r\u00e9percussions dans le lien social et la gestion de la vie quotidienne. Dans ce cadre institutionnel j&#8217;ai pu apporter une attention particuli\u00e8re dans l&#8217;accueil et l&#8217;accompagnement des familles ainsi que des proches d&#8217;une personne en souffrance psychique.<\/p>\n\n\n\n<p>La transmission et la recherche clinique, en lien avec plusieurs associations, revues scientifiques et universit\u00e9s (Tours, Angers et Paris Cit\u00e9), constituent par ailleurs des axes essentiels de formation et de r\u00e9flexion sur ma pratique.<\/p>\n\n\n\n<p>Membre du Comit\u00e9 de R\u00e9daction de la&nbsp;<a rel=\"noreferrer noopener\" href=\"https:\/\/www.editions-harmattan.fr\/index.asp?navig=catalogue&amp;obj=revue&amp;no=963\" target=\"_blank\">Nouvelle Revue de l\u2019Enfance et de l\u2019Adolescence \u00e9dit\u00e9e chez l\u2019Harmattan<\/a>, je contribue au travail \u00e9ditorial du collectif de&nbsp;<a rel=\"noreferrer noopener\" href=\"http:\/\/association-recherche-enfance-adolescence.org\/\" target=\"_blank\">l\u2019association AREA<\/a>. Cette revue s\u2019adresse aux professionnels de divers secteurs du champ de l\u2019enfance et de l\u2019adolescence et se veut ouverte \u00e0 la cr\u00e9ativit\u00e9, \u00e0 la culture, au partage des pratiques cliniques et sociales contemporaines. Elle soutient un discours \u00e9thique dans une perspective psychanalytique.<\/p>\n\n\n\n<p>Engag\u00e9 aupr\u00e8s d\u2019un collectif de psychologues cliniciens rassembl\u00e9s autour de leur int\u00e9r\u00eat pour le num\u00e9rique et soutenu par&nbsp;<a href=\"https:\/\/www.open-asso.org\/\" target=\"_blank\" rel=\"noreferrer noopener\">l\u2019Observatoire de la Parentalit\u00e9 et de l\u2019Education Num\u00e9rique,<\/a>&nbsp;je coanime le podcast&nbsp;<a href=\"https:\/\/www.open-asso.org\/actualite\/2020\/09\/les-petites-causeries-du-numerique-2\/\" target=\"_blank\" rel=\"noreferrer noopener\">\u00ab les petites causeries du num\u00e9rique \u00bb<\/a>. Il s\u2019agit d\u2019un support nous permettant de questionner autrement les enjeux de la pr\u00e9vention autour du num\u00e9rique. Sans complaisance et loin des paniques morales, ou de toutes prescriptions normalisantes, nous traversons diff\u00e9rents th\u00e8mes afin de&nbsp;<em>parler<\/em>&nbsp;autrement <em>les <\/em>questions de parentalit\u00e9s \u00e0 l\u2019\u00e8re num\u00e9rique.<\/p>\n\n\n\n<p>Membre du <a href=\"https:\/\/www.open-asso.org\/comite-d-experts\/\" target=\"_blank\" rel=\"noreferrer noopener\">comit\u00e9 d&#8217;expert<\/a> de cette association impliqu\u00e9 dans les r\u00e9flexions sur les enjeux de la parentalit\u00e9 en lien avec le num\u00e9rique, je contribue \u00e0 soutenir diff\u00e9rents projets de pr\u00e9vention, d&#8217;information ou de recherche.<\/p>\n\n\n\n<p>Dans cette perspective, je suis contributeur r\u00e9gulier au s\u00e9minaire de <a href=\"https:\/\/1vs0.org\/\">l&#8217;Institut du Virtuel Seine Ouest<\/a> et je coanime avec Marion Haza (<em>psychologue clinicienne, ma\u00eetre de conf\u00e9rences HDR, secr\u00e9taire g\u00e9n\u00e9rale du&nbsp;<a href=\"http:\/\/cila-adolescence.com\/\" target=\"_blank\" rel=\"noreferrer noopener\">Coll\u00e8ge International de l\u2019Adolescence<\/a>, Pr\u00e9sidente de&nbsp;<a href=\"https:\/\/www.cameleon33.org\/qui-sommes-nous-1\" target=\"_blank\" rel=\"noreferrer noopener\">l\u2019association Cam\u00e9l\u00e9on<\/a>, membre de&nbsp;<a href=\"http:\/\/1vs0.org\/\" target=\"_blank\" rel=\"noreferrer noopener\">l\u2019institut du virtuel Seine Ouest<\/a>, expert et Pr\u00e9sidente de l\u2019OPEN<\/em>), un s\u00e9minaire sur le num\u00e9rique. Nous nous retrouvons alors entre professionnels afin de penser nos pratiques et soutenir des conceptualisations th\u00e9oriques au plus pr\u00e8s de la clinique et du lien social \u00e0 l\u2019\u00e8re num\u00e9rique.<\/p>\n\n\n<div class=\"wp-block-image\">\n<figure class=\"alignleft size-full is-resized\"><img fetchpriority=\"high\" decoding=\"async\" width=\"303\" height=\"166\" src=\"http:\/\/arnaud-sylla.com\/wp-content\/uploads\/2022\/04\/image.jpeg\" alt=\"\" class=\"wp-image-138\" style=\"width:229px;height:auto\" srcset=\"https:\/\/arnaud-sylla.com\/wp-content\/uploads\/2022\/04\/image.jpeg 303w, https:\/\/arnaud-sylla.com\/wp-content\/uploads\/2022\/04\/image-300x164.jpeg 300w\" sizes=\"(max-width: 303px) 100vw, 303px\" \/><\/figure><\/div>\n\n<div class=\"wp-block-image\">\n<figure class=\"alignleft size-full is-resized\"><img decoding=\"async\" width=\"200\" height=\"200\" src=\"https:\/\/arnaud-sylla.com\/wp-content\/uploads\/2023\/07\/image-10.png\" alt=\"\" class=\"wp-image-339\" style=\"width:123px;height:auto\" srcset=\"https:\/\/arnaud-sylla.com\/wp-content\/uploads\/2023\/07\/image-10.png 200w, https:\/\/arnaud-sylla.com\/wp-content\/uploads\/2023\/07\/image-10-150x150.png 150w\" sizes=\"(max-width: 200px) 100vw, 200px\" \/><\/figure><\/div>\n\n<div class=\"wp-block-image\">\n<figure class=\"alignleft size-full is-resized\"><a href=\"https:\/\/1vs0.org\/\"><img decoding=\"async\" width=\"240\" height=\"155\" src=\"https:\/\/arnaud-sylla.com\/wp-content\/uploads\/2024\/08\/ivos.png\" alt=\"\" class=\"wp-image-381\" style=\"width:148px;height:auto\"\/><\/a><\/figure><\/div>\n\n<div class=\"wp-block-image\">\n<figure class=\"alignleft size-full\"><a href=\"https:\/\/arnaud-sylla.com\/?page_id=107\"><img loading=\"lazy\" decoding=\"async\" width=\"84\" height=\"102\" src=\"https:\/\/arnaud-sylla.com\/wp-content\/uploads\/2024\/08\/logo-1-1.png\" alt=\"\" class=\"wp-image-374\"\/><\/a><\/figure><\/div>\n\n\n<p><\/p>\n","protected":false},"excerpt":{"rendered":"<p>Titulaire d&#8217;un master 2 en psychologique clinique et psychopathologie de l&#8217;universit\u00e9 de Tours ainsi que d&#8217;un dipl\u00f4me universitaire en techniques projectives, je suis sp\u00e9cialis\u00e9 dans l\u2019adolescence, le lien social et les probl\u00e9matiques num\u00e9riques. Mon parcours est teint\u00e9 d\u2019engagements aupr\u00e8s de la cause des adolescences contemporaines. Exer\u00e7ant \u00e9galement au&nbsp;Centre Oreste&nbsp;depuis 2010 (centre d\u00e9partemental de consultations ambulatoires &hellip; <a href=\"https:\/\/arnaud-sylla.com\/?page_id=127\" class=\"more-link\">Continue reading <span class=\"screen-reader-text\">Parcours &#038; engagements<\/span><\/a><\/p>\n","protected":false},"author":2,"featured_media":0,"parent":0,"menu_order":0,"comment_status":"closed","ping_status":"closed","template":"","meta":{"footnotes":""},"class_list":["post-127","page","type-page","status-publish","hentry"],"yoast_head":"<!-- This site is optimized with the Yoast SEO plugin v26.2 - https:\/\/yoast.com\/wordpress\/plugins\/seo\/ -->\n<title>Parcours &amp; engagements -<\/title>\n<meta name=\"robots\" content=\"index, follow, max-snippet:-1, max-image-preview:large, max-video-preview:-1\" \/>\n<link rel=\"canonical\" href=\"https:\/\/arnaud-sylla.com\/?page_id=127\" \/>\n<meta property=\"og:locale\" content=\"en_US\" \/>\n<meta property=\"og:type\" content=\"article\" \/>\n<meta property=\"og:title\" content=\"Parcours &amp; engagements -\" \/>\n<meta property=\"og:description\" content=\"Titulaire d&#8217;un master 2 en psychologique clinique et psychopathologie de l&#8217;universit\u00e9 de Tours ainsi que d&#8217;un dipl\u00f4me universitaire en techniques projectives, je suis sp\u00e9cialis\u00e9 dans l\u2019adolescence, le lien social et les probl\u00e9matiques num\u00e9riques. Mon parcours est teint\u00e9 d\u2019engagements aupr\u00e8s de la cause des adolescences contemporaines. Exer\u00e7ant \u00e9galement au&nbsp;Centre Oreste&nbsp;depuis 2010 (centre d\u00e9partemental de consultations ambulatoires &hellip; Continue reading Parcours &#038; engagements\" \/>\n<meta property=\"og:url\" content=\"https:\/\/arnaud-sylla.com\/?page_id=127\" \/>\n<meta property=\"article:publisher\" content=\"https:\/\/www.facebook.com\/arno.sylla\/\" \/>\n<meta property=\"article:modified_time\" content=\"2025-02-20T11:58:34+00:00\" \/>\n<meta property=\"og:image\" content=\"https:\/\/arnaud-sylla.com\/wp-content\/uploads\/2022\/04\/image.jpeg\" \/>\n\t<meta property=\"og:image:width\" content=\"303\" \/>\n\t<meta property=\"og:image:height\" content=\"166\" \/>\n\t<meta property=\"og:image:type\" content=\"image\/jpeg\" \/>\n<meta name=\"twitter:card\" content=\"summary_large_image\" \/>\n<meta name=\"twitter:site\" content=\"@ArnoSylla\" \/>\n<meta name=\"twitter:label1\" content=\"Est. reading time\" \/>\n\t<meta name=\"twitter:data1\" content=\"4 minutes\" \/>\n<script type=\"application\/ld+json\" class=\"yoast-schema-graph\">{\"@context\":\"https:\/\/schema.org\",\"@graph\":[{\"@type\":\"WebPage\",\"@id\":\"https:\/\/arnaud-sylla.com\/?page_id=127\",\"url\":\"https:\/\/arnaud-sylla.com\/?page_id=127\",\"name\":\"Parcours & engagements -\",\"isPartOf\":{\"@id\":\"https:\/\/arnaud-sylla.com\/#website\"},\"primaryImageOfPage\":{\"@id\":\"https:\/\/arnaud-sylla.com\/?page_id=127#primaryimage\"},\"image\":{\"@id\":\"https:\/\/arnaud-sylla.com\/?page_id=127#primaryimage\"},\"thumbnailUrl\":\"http:\/\/arnaud-sylla.com\/wp-content\/uploads\/2022\/04\/image.jpeg\",\"datePublished\":\"2022-04-03T13:33:30+00:00\",\"dateModified\":\"2025-02-20T11:58:34+00:00\",\"breadcrumb\":{\"@id\":\"https:\/\/arnaud-sylla.com\/?page_id=127#breadcrumb\"},\"inLanguage\":\"en-US\",\"potentialAction\":[{\"@type\":\"ReadAction\",\"target\":[\"https:\/\/arnaud-sylla.com\/?page_id=127\"]}]},{\"@type\":\"ImageObject\",\"inLanguage\":\"en-US\",\"@id\":\"https:\/\/arnaud-sylla.com\/?page_id=127#primaryimage\",\"url\":\"https:\/\/arnaud-sylla.com\/wp-content\/uploads\/2022\/04\/image.jpeg\",\"contentUrl\":\"https:\/\/arnaud-sylla.com\/wp-content\/uploads\/2022\/04\/image.jpeg\",\"width\":303,\"height\":166},{\"@type\":\"BreadcrumbList\",\"@id\":\"https:\/\/arnaud-sylla.com\/?page_id=127#breadcrumb\",\"itemListElement\":[{\"@type\":\"ListItem\",\"position\":1,\"name\":\"Accueil\",\"item\":\"https:\/\/arnaud-sylla.com\/\"},{\"@type\":\"ListItem\",\"position\":2,\"name\":\"Parcours &#038; engagements\"}]},{\"@type\":\"WebSite\",\"@id\":\"https:\/\/arnaud-sylla.com\/#website\",\"url\":\"https:\/\/arnaud-sylla.com\/\",\"name\":\"\",\"description\":\"Psychologue clinicien\",\"publisher\":{\"@id\":\"https:\/\/arnaud-sylla.com\/#\/schema\/person\/691bc7726bc49f4bc25224be6a84d77a\"},\"potentialAction\":[{\"@type\":\"SearchAction\",\"target\":{\"@type\":\"EntryPoint\",\"urlTemplate\":\"https:\/\/arnaud-sylla.com\/?s={search_term_string}\"},\"query-input\":{\"@type\":\"PropertyValueSpecification\",\"valueRequired\":true,\"valueName\":\"search_term_string\"}}],\"inLanguage\":\"en-US\"},{\"@type\":[\"Person\",\"Organization\"],\"@id\":\"https:\/\/arnaud-sylla.com\/#\/schema\/person\/691bc7726bc49f4bc25224be6a84d77a\",\"name\":\"Arnaud Sylla\",\"image\":{\"@type\":\"ImageObject\",\"inLanguage\":\"en-US\",\"@id\":\"https:\/\/arnaud-sylla.com\/#\/schema\/person\/image\/\",\"url\":\"https:\/\/arnaud-sylla.com\/wp-content\/uploads\/2022\/04\/a-sylla.png\",\"contentUrl\":\"https:\/\/arnaud-sylla.com\/wp-content\/uploads\/2022\/04\/a-sylla.png\",\"width\":898,\"height\":441,\"caption\":\"Arnaud Sylla\"},\"logo\":{\"@id\":\"https:\/\/arnaud-sylla.com\/#\/schema\/person\/image\/\"},\"sameAs\":[\"http:\/\/www.arnaud-sylla.com\",\"https:\/\/www.facebook.com\/arno.sylla\/\",\"https:\/\/www.linkedin.com\/in\/arnaud-sylla-78a38057\/\",\"https:\/\/x.com\/https:\/\/twitter.com\/ArnoSylla\"]}]}<\/script>\n<!-- \/ Yoast SEO plugin. -->","yoast_head_json":{"title":"Parcours & engagements -","robots":{"index":"index","follow":"follow","max-snippet":"max-snippet:-1","max-image-preview":"max-image-preview:large","max-video-preview":"max-video-preview:-1"},"canonical":"https:\/\/arnaud-sylla.com\/?page_id=127","og_locale":"en_US","og_type":"article","og_title":"Parcours & engagements -","og_description":"Titulaire d&#8217;un master 2 en psychologique clinique et psychopathologie de l&#8217;universit\u00e9 de Tours ainsi que d&#8217;un dipl\u00f4me universitaire en techniques projectives, je suis sp\u00e9cialis\u00e9 dans l\u2019adolescence, le lien social et les probl\u00e9matiques num\u00e9riques. Mon parcours est teint\u00e9 d\u2019engagements aupr\u00e8s de la cause des adolescences contemporaines. Exer\u00e7ant \u00e9galement au&nbsp;Centre Oreste&nbsp;depuis 2010 (centre d\u00e9partemental de consultations ambulatoires &hellip; Continue reading Parcours &#038; engagements","og_url":"https:\/\/arnaud-sylla.com\/?page_id=127","article_publisher":"https:\/\/www.facebook.com\/arno.sylla\/","article_modified_time":"2025-02-20T11:58:34+00:00","og_image":[{"width":303,"height":166,"url":"https:\/\/arnaud-sylla.com\/wp-content\/uploads\/2022\/04\/image.jpeg","type":"image\/jpeg"}],"twitter_card":"summary_large_image","twitter_site":"@ArnoSylla","twitter_misc":{"Est. reading time":"4 minutes"},"schema":{"@context":"https:\/\/schema.org","@graph":[{"@type":"WebPage","@id":"https:\/\/arnaud-sylla.com\/?page_id=127","url":"https:\/\/arnaud-sylla.com\/?page_id=127","name":"Parcours & engagements -","isPartOf":{"@id":"https:\/\/arnaud-sylla.com\/#website"},"primaryImageOfPage":{"@id":"https:\/\/arnaud-sylla.com\/?page_id=127#primaryimage"},"image":{"@id":"https:\/\/arnaud-sylla.com\/?page_id=127#primaryimage"},"thumbnailUrl":"http:\/\/arnaud-sylla.com\/wp-content\/uploads\/2022\/04\/image.jpeg","datePublished":"2022-04-03T13:33:30+00:00","dateModified":"2025-02-20T11:58:34+00:00","breadcrumb":{"@id":"https:\/\/arnaud-sylla.com\/?page_id=127#breadcrumb"},"inLanguage":"en-US","potentialAction":[{"@type":"ReadAction","target":["https:\/\/arnaud-sylla.com\/?page_id=127"]}]},{"@type":"ImageObject","inLanguage":"en-US","@id":"https:\/\/arnaud-sylla.com\/?page_id=127#primaryimage","url":"https:\/\/arnaud-sylla.com\/wp-content\/uploads\/2022\/04\/image.jpeg","contentUrl":"https:\/\/arnaud-sylla.com\/wp-content\/uploads\/2022\/04\/image.jpeg","width":303,"height":166},{"@type":"BreadcrumbList","@id":"https:\/\/arnaud-sylla.com\/?page_id=127#breadcrumb","itemListElement":[{"@type":"ListItem","position":1,"name":"Accueil","item":"https:\/\/arnaud-sylla.com\/"},{"@type":"ListItem","position":2,"name":"Parcours &#038; engagements"}]},{"@type":"WebSite","@id":"https:\/\/arnaud-sylla.com\/#website","url":"https:\/\/arnaud-sylla.com\/","name":"","description":"Psychologue clinicien","publisher":{"@id":"https:\/\/arnaud-sylla.com\/#\/schema\/person\/691bc7726bc49f4bc25224be6a84d77a"},"potentialAction":[{"@type":"SearchAction","target":{"@type":"EntryPoint","urlTemplate":"https:\/\/arnaud-sylla.com\/?s={search_term_string}"},"query-input":{"@type":"PropertyValueSpecification","valueRequired":true,"valueName":"search_term_string"}}],"inLanguage":"en-US"},{"@type":["Person","Organization"],"@id":"https:\/\/arnaud-sylla.com\/#\/schema\/person\/691bc7726bc49f4bc25224be6a84d77a","name":"Arnaud Sylla","image":{"@type":"ImageObject","inLanguage":"en-US","@id":"https:\/\/arnaud-sylla.com\/#\/schema\/person\/image\/","url":"https:\/\/arnaud-sylla.com\/wp-content\/uploads\/2022\/04\/a-sylla.png","contentUrl":"https:\/\/arnaud-sylla.com\/wp-content\/uploads\/2022\/04\/a-sylla.png","width":898,"height":441,"caption":"Arnaud Sylla"},"logo":{"@id":"https:\/\/arnaud-sylla.com\/#\/schema\/person\/image\/"},"sameAs":["http:\/\/www.arnaud-sylla.com","https:\/\/www.facebook.com\/arno.sylla\/","https:\/\/www.linkedin.com\/in\/arnaud-sylla-78a38057\/","https:\/\/x.com\/https:\/\/twitter.com\/ArnoSylla"]}]}},"_links":{"self":[{"href":"https:\/\/arnaud-sylla.com\/index.php?rest_route=\/wp\/v2\/pages\/127","targetHints":{"allow":["GET"]}}],"collection":[{"href":"https:\/\/arnaud-sylla.com\/index.php?rest_route=\/wp\/v2\/pages"}],"about":[{"href":"https:\/\/arnaud-sylla.com\/index.php?rest_route=\/wp\/v2\/types\/page"}],"author":[{"embeddable":true,"href":"https:\/\/arnaud-sylla.com\/index.php?rest_route=\/wp\/v2\/users\/2"}],"replies":[{"embeddable":true,"href":"https:\/\/arnaud-sylla.com\/index.php?rest_route=%2Fwp%2Fv2%2Fcomments&post=127"}],"version-history":[{"count":33,"href":"https:\/\/arnaud-sylla.com\/index.php?rest_route=\/wp\/v2\/pages\/127\/revisions"}],"predecessor-version":[{"id":476,"href":"https:\/\/arnaud-sylla.com\/index.php?rest_route=\/wp\/v2\/pages\/127\/revisions\/476"}],"wp:attachment":[{"href":"https:\/\/arnaud-sylla.com\/index.php?rest_route=%2Fwp%2Fv2%2Fmedia&parent=127"}],"curies":[{"name":"wp","href":"https:\/\/api.w.org\/{rel}","templated":true}]}}